 common divisor of 38 and 2?
2
What is the highest common divisor of 288 and 1272?
24
Calculate the highest common divisor of 3600 and 1872.
144
What is the highest common divisor of 56 and 7?
7
Calculate the greatest common divisor of 41 and 4.
1
Calculate the highest common factor of 2450 and 98.
98
Calculate the highest common divisor of 3007 and 124.
31
Calculate the highest common factor of 1824 and 384.
96
What is the highest common factor of 588 and 6?
6
Calculate the highest common factor of 3718 and 22.
22
Calculate the highest common factor of 518 and 14.
14
What is the greatest common factor of 144 and 192?
48
What is the highest common factor of 4452 and 35?
7
What is the highest common divisor of 8748 and 12?
12
Calculate the greatest common divisor of 275 and 475.
25
What is the greatest common divisor of 820 and 10?
10
Calculate the highest common divisor of 18 and 24.
6
Calculate the greatest common factor of 112 and 9968.
112
Calculate the greatest common factor of 7 and 161.
7
What is the greatest common divisor of 18319 and 21?
7
What is the greatest common divisor of 87 and 377?
29
What is the greatest common divisor of 5 and 3805?
5
Calculate the greatest common factor of 143 and 110.
11
What is the highest common divisor of 78 and 3562?
26
Calculate the highest common factor of 11504 and 4.
4
What is the greatest common factor of 330 and 297?
33
Calculate the greatest common divisor of 301 and 14.
7
What is the highest common factor of 721 and 56?
7
What is the greatest common divisor of 64 and 4?
4
What is the highest common factor of 52 and 5252?
52
What is the highest common divisor of 56 and 1208?
8
What is the highest common factor of 17287 and 1465?
293
Calculate the highest common divisor of 1665 and 45.
45
What is the greatest common divisor of 300 and 4700?
100
What is the highest common factor of 190 and 494?
38
Calculate the highest common divisor of 35 and 301.
7
Calculate the highest common divisor of 20964 and 12.
12
Calculate the highest common divisor of 219 and 5329.
73
What is the highest common factor of 5 and 55?
5
Calculate the highest common divisor of 64 and 26848.
32
Calculate the greatest common factor of 11 and 275.
11
Calculate the highest common factor of 4408 and 928.
232
What is the greatest common divisor of 48 and 1920?
48
Calculate the highest common divisor of 15 and 2895.
15
Calculate the greatest common factor of 12 and 10884.
12
Calculate the greatest common factor of 114 and 247.
19
What is the greatest common divisor of 54 and 14?
2
Calculate the greatest common divisor of 57 and 133.
19
Calculate the highest common divisor of 18 and 387.
9
What is the greatest common divisor of 142 and 4?
2
Calculate the highest common factor of 128 and 104.
8
Calculate the highest common divisor of 7464 and 48.
24
What is the highest common divisor of 72 and 9?
9
What is the highest common factor of 10 and 230?
10
Calculate the greatest common factor of 169 and 52.
13
Calculate the highest common factor of 100 and 225.
25
Calculate the greatest common factor of 319 and 87.
29
Calculate the highest common factor of 36 and 9.
9
Calculate the greatest common divisor of 210 and 4480.
70
What is the greatest common divisor of 3570 and 306?
102
What is the greatest common factor of 612 and 36?
36
What is the highest common divisor of 767 and 208?
13
What is the greatest common divisor of 11781 and 99?
99
What is the greatest common divisor of 2079 and 6804?
189
Calculate the highest common factor of 38583 and 81.
27
What is the highest common factor of 11 and 14113?
11
What is the highest common divisor of 62 and 28?
2
Calculate the greatest common divisor of 104 and 12176.
8
What is the highest common divisor of 2747 and 67?
67
Calculate the highest common factor of 100 and 120.
20
What is the greatest common divisor of 18 and 1422?
18
What is the greatest common factor of 424 and 16?
8
What is the greatest common factor of 19386 and 18?
18
Calculate the greatest common factor of 814 and 296.
74
Calculate the highest common divisor of 243 and 18.
9
Calculate the greatest common factor of 175 and 100.
25
Calculate the highest common divisor of 108 and 268.
4
What is the highest common factor of 80 and 992?
16
What is the greatest common divisor of 805 and 4347?
161
Calculate the highest common factor of 22 and 26.
2
What is the highest common factor of 5 and 1790?
5
Calculate the highest common factor of 40 and 55.
5
What is the highest common factor of 23 and 24587?
23
What is the greatest common factor of 34 and 425?
17
What is the highest common factor of 25 and 425?
25
Calculate the greatest common factor of 806 and 52.
26
What is the highest common factor of 5688 and 27?
9
What is the greatest common factor of 52 and 4?
4
What is the highest common divisor of 320 and 20?
20
What is the highest common divisor of 4611 and 261?
87
What is the greatest common divisor of 26240 and 256?
128
Calculate the highest common factor of 1024 and 32.
32
What is the greatest common divisor of 95 and 95?
95
Calculate the greatest common factor of 2130 and 1846.
142
What is the highest common divisor of 1100 and 33?
11
What is the greatest common factor of 17334 and 214?
214
What is the greatest common factor of 4699 and 127?
127
Calculate the greatest common divisor of 2889 and 81.
27
Calculate the greatest common divisor of 14 and 1358.
14
What is the greatest common divisor of 253 and 22?
11
What is the greatest common factor of 768 and 48?
48
Calculate the highest common divisor of 100 and 32.
4
Calculate the highest common factor of 75 and 135.
15
Calculate the highest common factor of 9310 and 570.
190
Calculate the highest common divisor of 120 and 8940.
60
What is the greatest common divisor of 23 and 69?
23
What is the highest common factor of 115 and 5?
5
What is the greatest common divisor of 56 and 16?
8
Calculate the greatest common divisor of 42 and 744.
6
Calculate the highest common factor of 20 and 3180.
20
What is the greatest common divisor of 8379 and 95?
19
What is the greatest common factor of 682 and 434?
62
Calculate the greatest common factor of 3885 and 210.
105
What is the greatest common divisor of 180 and 4500?
180
What is the greatest common divisor of 46 and 391?
23
What is the greatest common factor of 53 and 1060?
53
What is the greatest common factor of 135 and 1845?
45
Calculate the highest common factor of 315 and 1185.
15
Calculate the highest common divisor of 2916 and 1188.
108
What is the highest common divisor of 1680 and 636?
12
Calculate the highest common divisor of 1273 and 134.
67
What is the highest common divisor of 1785 and 37128?
357
Calculate the highest common factor of 1291 and 1.
1
Calculate the highest common divisor of 26 and 18694.
26
Calculate the greatest common divisor of 60 and 105.
15
Calculate the highest common divisor of 27 and 12474.
27
What is the greatest common factor of 328 and 432?
8
Calculate the greatest common factor of 12 and 708.
12
Calculate the greatest common divisor of 31 and 2077.
31
What is the highest common divisor of 9 and 46998?
9
What is the greatest common divisor of 16272 and 64?
16
Calculate the greatest common divisor of 10076 and 132.
44
Calculate the highest common factor of 1688 and 16.
8
What is the highest common divisor of 425 and 34?
17
Calculate the highest common divisor of 24 and 320.
8
Calculate the highest common factor of 156 and 130.
26
What is the highest common factor of 486 and 18?
18
Calculate the highest common factor of 68 and 238.
34
What is the highest common divisor of 127 and 635?
127
Calculate the greatest common divisor of 128 and 7808.
128
Calculate the greatest common divisor of 588 and 343.
49
What is the greatest common divisor of 32 and 404?
4
Calculate the greatest common divisor of 775 and 225.
25
Calculate the highest common factor of 46826 and 13.
13
What is the greatest common factor of 16 and 1?
1
Calculate the highest common factor of 160 and 104.
8
Calculate the greatest common divisor of 119 and 49.
7
Calculate the highest common factor of 58 and 66120.
58
What is the greatest common divisor of 496 and 16?
16
Calculate the greatest common factor of 11 and 58234.
11
What is the highes